 g*i - 18. Suppose 2*s - i*s + 32 = 0. List the prime factors of s.
2
Let t(p) = -p**3 - 2*p**2 - 3*p - 4. Let d be 1 + (2 - (2 + 4)). What are the prime factors of t(d)?
2, 7
Let s = 195 - 94. List the prime factors of s.
101
Suppose -3 + 1 = -2*j. Suppose j - 11 = -a. List the prime factors of a.
2, 5
Let o = 34 - -42. Suppose 3*x + 16 - o = 0. List the prime factors of x.
2, 5
Suppose -5*g = -20 - 0. Suppose -28 = -0*f - g*f. What are the prime factors of f?
7
Let s(v) = 0*v - 1 - v - 2*v. Let d = -30 + 27. List the prime factors of s(d).
2
Let s = 753 - 522. List the prime factors of s.
3, 7, 11
Suppose 2*m - 10 = -p, -5*p + 0 = m - 14. Suppose -13 = -0*x - x - b, -m*b = -x + 3. What are the prime factors of x?
11
Let o(y) = -3*y**2 - y - 2. Let i be o(-2). Let w = 24 + i. List the prime factors of w.
2, 3
Let w(m) = 5*m. Let u be w(1). Suppose -u*y + 3 + 7 = 0. List the prime factors of y.
2
Let p(l) = l**3 + 9*l**2 - 3*l. Let y be p(-9). Let x = 3 + y. What are the prime factors of x?
2, 3, 5
Let g(o) be the third derivative of o**5/30 - 3*o**4/8 + o**3/6 - 3*o**2. What are the prime factors of g(6)?
19
Let q(d) = -d**3 - 2*d**2 + d - 3. Let t be q(-3). Let r(j) = 2*j**3 - 3*j**2 - 2*j - 2. What are the prime factors of r(t)?
19
Let a(r) be the second derivative of -2*r**3 - r**2 + 6*r. List the prime factors of a(-3).
2, 17
List the prime factors of ((-556)/(-8))/(2/4 - 0).
139
Suppose 0 = -z - 3*m + 7*m + 37, 0 = -5*z - 5*m + 85. List the prime factors of z.
3, 7
Suppose 438 = 3*c + 3*v, -3*v + 5*v + 140 = c. List the prime factors of c.
2, 3
Let x be ((0 + 0)/(-3))/1. Suppose 4*r + 2*b = -x*b - 6, 3*b = 3. List the prime factors of (-3)/(r/4*2).
3
What are the prime factors of (102/(-8))/((-33)/88)?
2, 17
Suppose k + 6*x = 2*x + 14, -3*k + 4*x - 22 = 0. Let t = k + 5. Suppose 2*n = -4*w + 42, 7*w - t*w = 4*n - 48. What are the prime factors of n?
3, 5
Let l be (-21)/(-14)*(-190)/(-3). Suppose 5*m = -0*m + l. List the prime factors of m.
19
Let t = -2 + -14. Let d = -5 - t. What are the prime factors of d?
11
List the prime factors of (5/(-2) + 1)*-18.
3
Suppose 2*j = -b + 18, -18 = j - 3*j + 3*b. Suppose -u = 12 + j. Let l = u - -40. What are the prime factors of l?
19
Let r = 12 - -13. List the prime factors of r.
5
Suppose -6 = -5*y + 9, o - 18 = -5*y. List the prime factors of (-1)/o + 320/6.
53
Suppose k = 3*k - 396. Suppose -v + k = 5*v. List the prime factors of v.
3, 11
Let t(f) = -f**2 + f - 2. Let k(y) = -y + 2. Let x(l) = -3*k(l) - 2*t(l). List the prime factors of x(3).
19
Suppose -r + 26 = 3*y, 6*r - 3*r - 3*y = 42. Suppose -3*z + 11*z + 32 = 0. Let j = r + z. What are the prime factors of j?
13
Let n(w) = -4*w**3 + 1. Let k be n(-1). Suppose -k*h - 168 + 38 = 0. Let l = h + 36. List the prime factors of l.
2, 5
Let t(n) = 23*n - 6. List the prime factors of t(7).
5, 31
Let r be (19 + 0)/(2 - 1). Suppose 7 = 4*s + x, 0 = -4*s + 3*s + 4*x + 23. Suppose -s*j = -r - 17. What are the prime factors of j?
2, 3
Let a(y) = -y**3 - 2*y**2 + 1. Let x = -4 + 3. Let w be a(x). List the prime factors of (-2 - -20) + (w - -3).
3, 7
List the prime factors of 1/(-3) - (-496)/12.
41
Suppose -43 - 10 = -q. What are the prime factors of q?
53
Let v(h) = -h + 3. Suppose -2*j + 15 = 3*j. Let k be v(j). Suppose -3*w + w + 4*u + 12 = k, -4*u + 12 = 4*w. List the prime factors of w.
2
What are the prime factors of 26/(48/(-28) - -2)?
7, 13
Suppose -4*j - 4*v + 164 = 0, 3*j - 29 - 98 = -v. List the prime factors of j.
43
Suppose -m = 5*x - 8, -2*m + 94 = m + x. What are the prime factors of m?
3, 11
Suppose -19*r + 21*r - 426 = 0. What are the prime factors of r?
3, 71
Let c(u) = 15*u - 14. What are the prime factors of c(7)?
7, 13
Suppose -8*o + 2*o = -492. List the prime factors of o.
2, 41
Suppose 2*o - o + s = -22, 2*s - 66 = 3*o. Let h = o - -52. What are the prime factors of h?
2, 3, 5
Let b(t) = t**2 + 5*t. What are the prime factors of b(-11)?
2, 3, 11
Suppose -2*x - 9 = 7. Let d be ((-24)/(-14))/(3/21). Let m = x + d. What are the prime factors of m?
2
Let f(u) = u**3 + 8*u**2 - u - 8. Let z be f(-8). Suppose -d - 3*d - 4*q + 20 = z, 1 = -q. What are the prime factors of d?
2, 3
What are the prime factors of 1008/30 - (-2)/5?
2, 17
What are the prime factors of -1*7*2760/(-161)?
2, 3, 5
Suppose 0 = z - 7 + 19. Let g = z - -24. Let o = 23 - g. What are the prime factors of o?
11
Let t be 3/2*(-40)/(-12). Suppose 0*l + 2*l = 82. Suppose t - l = -3*h. What are the prime factors of h?
2, 3
What are the prime factors of (-5)/(-25) - (-1348)/10?
3, 5
Suppose -5*y - 534 = -0*p + 2*p, -5*p - 525 = 5*y. What are the prime factors of (y/(-15))/((-7)/(-35))?
2, 3
Let p = 113 - 29. What are the prime factors of p?
2, 3, 7
Suppose 0 = -v + 2*v - 2. Suppose 2*o + 12 = v*s + 4*o, -5*o + 19 = 4*s. List the prime factors of s.
11
Suppose x + 27 = 4*x. Let n = 11 - x. What are the prime factors of n?
2
Let l(p) = p**2 + 2. Let n(y) = -y - 1. Let k(a) = 3*a + 3. Let w(o) = -2*k(o) - 7*n(o). Let z be w(-4). List the prime factors of l(z).
11
List the prime factors of 3*(-206)/(-6) + -2.
101
Suppose -5*q + 31 = -39. Let y = -5 + q. List the prime factors of y.
3
Let v be (0 - 1)/1 + 37. Let t = v + -15. What are the prime factors of t?
3, 7
Suppose 0 = z + 5 - 1, -3*z = 5*c - 163. List the prime factors of c.
5, 7
List the prime factors of 18*3 + -6 + 8.
2, 7
Let o = 2 - 4. Let a = o + 5. List the prime factors of a.
3
Let h = 4 - -11. Suppose -o - 4*w = -3*o + 86, -5*o + 4*w + 221 = 0. Suppose h = 4*x - o. List the prime factors of x.
3, 5
Let j = 1 + 3. Let g be (-30)/4*j/6. Let m = g - -13. List the prime factors of m.
2
Let n = -111 - -161. What are the prime factors of n?
2, 5
Suppose -b - 5 = 0, r - 32 = -0*r + 3*b. Let v = r - 12. What are the prime factors of v?
5
What are the prime factors of 19 + 1 - (-1)/1?
3, 7
Suppose -5*x - y + 21 = -4*y, -3*y + 3 = -x. List the prime factors of x.
2, 3
Suppose -a - 16 = -5. Let b be (-2)/a - (-93)/33. Suppose b + 2 = s. List the prime factors of s.
5
Let z be 12*(1/2 + -1). Let s(b) = -b - 1. Let f be s(z). Suppose -f*u + c = -83 + 30, 4*u - 40 = 2*c. What are the prime factors of u?
11
Let q be (2 - 0) + (-4 - 1). What are the prime factors of (2 - -64)/((-6)/q)?
3, 11
Let a(n) = -n**2 + 5*n - 17. Let m(s) = -s + 4. Let f(c) = -2*a(c) - 9*m(c). What are the prime factors of f(-3)?
19
What are the prime factors of 102 + 0/(-7 - -4)?
2, 3, 17
Let f = 6 + -11. Let h = 3 + f. What are the prime factors of h/(-3)*-1*-6?
2
Let m be -2 - (-2 + 2)/(-2). Let y be 0 - ((-3)/3 - m). Let n(l) = -8*l**3 + l**2 + l. List the prime factors of n(y).
2
Let j = 10 + 27. List the prime factors of j.
37
Suppose 0 = 2*k - 41 - 43. What are the prime factors of k/(-9)*9/(-6)?
7
Let i(l) = l**2 + 5*l + 4. Let m be i(-5). Suppose -m*b - 5*d + 72 = -d, 4*d = 5*b - 72. What are the prime factors of b?
2
Suppose -3*o - 44 - 19 = 0. Let b = -24 - -14. Let i = b - o. What are the prime factors of i?
11
Suppose 2*t + 3*t = 5*z - 365, -304 = 4*t + 2*z. Let r = 108 + t. List the prime factors of r.
3, 11
Let k = 212 + -102. List the prime factors of k.
2, 5, 11
Suppose 5*t = 5*y - 15, -t - 4*y = -6*t - 12. Let h(c) = -c**2 + c - 23. Let f be h(t). Let d = f - -38. What are the prime factors of d?
3, 5
Let k = 32 + -12. Suppose s = 35 + k. What are the prime factors of s?
5, 11
Let t(k) = -k**2 + 5*k + 11. Let y(f) = 2*f**2 - 10*f - 21. Let p(u) = -11*t(u) - 6*y(u). What are the prime factors of p(4)?
3
Suppose 2*v - 4 = -0, 59 = 3*n - 5*v. Let t = n + -20. What are the prime factors of t?
3
What are the prime factors of ((-1)/3)/(1/(-273))?
7, 13
Let y(d) = 5*d**2 + d + 1. Let t be y(-1). Let u = t + 6. List the prime factors of u.
11
Let n = -39 - -74. What are the prime factors of n?
5, 7
Let o(f) = -f**2 - 11*f - 7. Let d be o(-8). Let m = -12 + d. Suppose 4*c - 27 = -m*g + 12, 5 = g - 2*c. What are the prime factors of g?
7
Suppose 3*a + 5 - 14 = 0. Suppose -a*r + 10 = 2*r. What are the prime factors of r?
2
Suppose 3*s - 29 = c + c, s - 4*c = 13. Let n(f) = -f**2 + 11*f - 12. Let i be n(s). Suppose 20 = 2*j - i. List the prime factors of j.
13
Suppose -4*b + 5 = v + 2, -5*v = 4*b + 17. Let r = v + 10. Suppose 5*w + 5*q = -0 + 15, 0